he value of 38 - (-17 - (41 - 59))?
37
What is (-22 - (-51 - -22)) + 28?
35
What is the value of 1 + 79 - -1 - (13 - (-64 - -60))?
64
Evaluate (1 - (-9 + 12)) + (9 - (-2 - (2 - 3))).
8
Calculate -6 + (-45 + 23 - -41) + -7.
6
Calculate 0 - 2 - (26 - (15 - (52 + -29))).
-36
What is -3 + 42 + -43 + 53?
49
Evaluate -3 + 51 - (49 + (-60 - 16)).
75
What is the value of 9 + -13 + 3 + -137 - (172 + -185)?
-125
What is the value of -1 - (16 - 1) - (-27 - 60 - -80) - -22?
13
What is the value of 2 - ((10 - -7) + -4 - 2) - -21 - -44?
56
Evaluate -602 - -603 - (3 + 57).
-59
What is the value of 20 - 0 - (-83 - (-51 + -107) - 15)?
-40
What is (-39 + -30 + 29 - -26) + (59 - 2)?
43
What is 9 + (13 + 44 + -5 - 18) + 3?
46
Evaluate -7 - 2 - ((-124 - 2) + -21) - (-122 - -127).
133
What is -4 - -39 - (38 + -41 - 5)?
43
What is the value of 5291 + -5242 - (30 + 1)?
18
Evaluate 25 + 18 + 9 - 18 - 63.
-29
Evaluate (-102 + -42 - -117) + 2 + 79.
54
What is 27 - (-15 - (-3 - (11 + 18))) - 74?
-64
-14 + 40 + -27 + (-19 - -28)
8
Evaluate (-2 - 8 - (-180 - -185)) + 20 + 61.
66
12 + 4 + (5 - (49 - 18))
-10
What is the value of 8 + 11 + -30 - (-19 + 14 - (-1 + 121))?
114
(0 - 2 - (-104 + 1)) + (-9641 - -9652)
112
(-12 + 8 - 2) + 20 + 9 + 2
25
Calculate 25 - ((-165 - -151) + (4 - -1) - -2 - -12).
20
What is (64 - -36) + 7 + (7 - 3 - 11 - -4)?
104
Calculate -10 - ((10 - 10) + 1) - (-20 + 9).
0
Evaluate -27 + -3 + 5 + -2 + 5 - -3.
-19
((-6 - -3) + 2 - -13) + (-26 - -39) + 40
65
What is the value of 87 - (40 - (-6 - 104))?
-63
What is -113 + -8 + 6 + (-216 - -223)?
-108
What is the value of -2 - -95 - ((-131 - -39) + 102)?
83
-157 - -204 - (-27 - -15 - (-4 - (-1 + 1)))
55
What is the value of -2 + -19 - (26 + (10 - 35))?
-22
What is the value of -11 + -31 + -10 + -13 + 16?
-49
1 + (4 - ((1 - -7) + (41 - (-12 - -41))))
-15
What is the value of ((5 - (5 + 5)) + -6 - (6 + -15)) + -5?
-7
What is the value of -41 + 96 - (5 - -16)?
34
What is the value of -29 - (-105 + 37 + 25)?
14
Calculate (-11406 - -11392 - ((-1 - -2) + 123)) + 18.
-120
What is 8 - (-1 + -3 + (-12 - -14) + (15 - -11))?
-16
What is the value of (12 - (46 - (6 - -9))) + 7?
-12
80 - (-44 + 38 - -46)
40
What is the value of -19 - -1 - (-527 - -448)?
61
What is the value of (1 - (-26 - 30 - (16 + -2))) + -3 + -1?
67
Evaluate 5051 + -4885 - (1 - -74).
91
(33 + -3 - -54) + -31 + -2
51
What is 13 - (1 - ((11 - 6) + 20)) - -5?
42
Evaluate (-101 + (2 - 0) - (79 - 88)) + (8 - 23).
-105
Calculate 7 + 46 + -23 - 22.
8
(69 + -7 - 60) + 15
17
What is the value of (-15 - 39) + 105 - (-3 + 3 + 5 + -15)?
61
What is -10 + 20 + -1 + -30 + 63?
42
Evaluate 30 - (22 + -2 + 58 + -63).
15
(-92 - -76) + 24 - (-65 + (6 - 3))
70
What is the value of (-2 - -18 - (23 + 2)) + 8 - -73?
72
What is the value of 14 + -2 - (3 - (3 + 2 - (44 - 41)))?
11
What is the value of (-29 - (-16 - 31)) + -6?
12
What is 1 + -1 + -1 + (-143 - (-356 + 96)) - -7?
123
-87 + 87 + -63 + (12 - -3)
-48
What is the value of -50 - ((8 - 1 - (-128 + 132)) + -9 + 1)?
-45
What is the value of 9 + -10 + 7 - ((8 - 12) + -40)?
50
Evaluate (58 - (7 - 1)) + -10 - (15 + -35).
62
What is -8 + 62 - -6 - 11?
49
Evaluate (10 - 0) + -5 + -6 + (0 - 37).
-38
What is (-130 - -10) + 225 - 2?
103
What is the value of (33 + -129 - -49) + (17 - 20)?
-50
Calculate 861 + -918 - (-34 + (5 - 0)).
-28
129 + -126 - (2 - 27 - 3) - (-23 + 13)
41
What is the value of 37 + 50 + 7 + -49?
45
What is the value of 0 - -14 - 10 - 23 - (42 - -5)?
-66
What is the value of 33 + (-4 + 13 - 14) + 4 + 7?
39
Evaluate 26 + (46 - 56) + -2 + -2 - 97.
-85
What is -17 + (-15 + -5 + 15 - (7 - -4))?
-33
Calculate (-26 - 43 - -42) + -25 + (-11 - -2).
-61
What is 21 + (51 - 38) - 15?
19
5 - ((-225 - -121 - (-6 - 2)) + 0)
101
What is the value of -3 + (16 - (31 + -56))?
38
Calculate -21 - (-32 - (24 - 23 - 14)).
-2
(45 - (-27 - 1 - (33 + -51))) + -1 + -10
44
What is (-8 - (-56 - (9 - 7) - 16)) + 23?
89
Calculate -8662 + 8610 - (-2 - 27).
-23
Calculate (-60 + 25 - 46) + 38.
-43
Calculate (-55 - -12 - 23) + 47.
-19
What is the value of (12 - -3 - -1) + -13 + (-4 - 2)?
-3
Calculate -3 + 1 - (24 - (6 + 30)).
10
Evaluate (-1 - 94) + (804 - 806) + 27.
-70
What is -33 + (24 - (19 - 52))?
24
((-50 - -46) + (8 - -2) - 5) + 30
31
What is the value of 21 - (-50 - -25 - -22)?
24
61 - (-30 + -58 + 197)
-48
Calculate -2 + 31 + -108 + 82.
3
Calculate (11 - 12) + -26 + (10 - (-1 - (-3 - 2))).
-21
What is the value of 71 - (91 - 19 - 68)?
67
Evaluate -46 + 30 - -31 - (0 + -5).
20
Evaluate (3 - -122) + 8 - (22 + -6) - 11.
106
Evaluate (19 - -4) + (13 - 64).
-28
Evaluate -14 + 17 + 17 + -10 - (10 - -62).
-62
What is -69 + 88 + -17 - 32?
-30
Evaluate -63 - (-69 - 59 - -72).
-7
Evaluate -1 + 3 + -9 + 19 - (-63 + 31) - -8.
52
Calculate ((-57 - -38) + 56 - -8) + 5.
50
What is the value of -26 + 29 + 7 + -5 - 22?
-17
What is the value of 44 - 1 - 31 - -9?
21
What is -18 + 97 + -77 - -72?
74
What is the value of -12 + ((17 - 12) + (-8 - -1) - 2 - 74)?
-90
What is the value of 6 + (14 - 48) - (-101 - -53)?
20
What is (-63 - 2) + 3541 + -3496?
-20
Evaluate 30 - 26 - (-32 + 95 + (8 - 2)).
-65
What is (79 - (-66 + 48)) + -62?
35
-447 - -391 - (19 + (2 - (0 + 11)))
-66
Calculate (64 - (-5 - -1 - -2 - (-2 - -6))) + 9.
79
2 + (31 - (0 + 2) - (-252 + 260))
23
Evaluate -1 + 42 + 1119 + -1213.
-53
(-8 - (-18 + -1 + -2)) + (-41 - (4 + 5))
-37
Evaluate 3 + -15 - (6 + (35 - -68) - 39).
-82
Calculate (-13 - (4 - 30) - 34) + (-6 - 0).
-27
Evaluate -16 + 26 + 17 - -20.
47
Evaluate (-61 + 75 - (47 + 1)) + (-2 - 4) + 6.
-34
What is the value of 1 + 84 + 0 + (51 + 6 - 77) + 12?
77
Evaluate -66 - (14 - (-6 + 11 - -4 - -10)).
-61
What is -12 + -30 - ((10 - 14) + (2 - -5))?
-45
Calculate -42 - (-24 + 5 + -7 + 15).
-31
Calculate 18 - 6 - (63 + (-76 - -32)).
-7
Calculate (137 - 192) + (67 - 11).
1
What is (-5 - (54 + -6 + 3)) + -11 + 5 - 11?
-73
What is (-11817 - -11761) + 1 + 13 + -1?
-43
-8 + (-68 - (59 - 30 - 57))
-48
What is the value of -23 - (52 - (-53 - -107))?
-21
Evaluate 66 + -12 + (-1 - 3).
50
What is 0 - -13 - (16 - (8 + 19))?
24
Evaluate 226 + -218 + 7 + -5 + -13.
-3
Evaluate 33 + -73 - (-56 + 8).
8
What is the value of -15 + 50 + -70 + 56?
21
What is -54 - (19 - 0 - (-193 - -214))?
-52
Evaluate 37 - (2 - -34) - (-6 - (-2 + 1) - 3).
9
What is the value of (12 - (-19 + 14) - -16) + 5 - 9?
29
What is the value of (-31 - (-48 + -57)) + -135?
-61
What is the value of (-3 - -7) + (-5 - 20 - -12 - 19)?
-28
What is the value of -30 - ((51 - 81) + -61)?
61
What is 11 + 2 - (151 + -64) - -20?
-54
-22 + 3 + (12 - 45) + 37
-15
(-1 - 0 - -43) + (-16626 - -16593)
9
What is the value of -1 + (37 - 51) + 28?
13
What is -3 - (64 + (-4 - 22))?
-41
What is the value of (-50 - -58) + 1 - 17?
-8
What is 53 + (-54 - -53 - 23) + 1 + 8?
38
43 - -1 - (2711 - 2785)
118
What is the value of (-6 - -7) + 20 + -7 + 5 + (-1 - -65)?
83
Evaluate -3 + 15 + (-2 - 2) + (-81 - -2) + 13.
-58
What is the value of 94 - 94 - (-5 + 0 + 1) - (-57 - -13)?
48
What is 3 + (-11 - -8 - -20) - 49?
-29
Evaluate 77 + -77 + -63 + 115.
52
What is -1 + 71 - ((8 + 16 - 4) + -28)?
78
What is -10 + (10 - (-12 - (14 - 27)))?
-1
Calculate -956 - -1010 - (6 - -26).
22
Evaluate 5 - (-3 - 48 - -1) - (17 + -15).
53
What is (35 - (-3 + 6)) + -83 + 167?
116
Calculate -3 - -26 - (23 + (14 + -8 - 17)).
11
Evaluate -8 + -35 - (-13 + -48).
18
-37 + -63 + 56 + -3
-47
Evaluate (-67 - -56) + (-14 - 2) - -15.
-12
Evaluate (-19 - -21 - (7 - 4)) + 12 + 0.
11
What is 2 + -14 + (-22 - -44 - -41 - 2)?
49
What is the value of (-2 + -1 - 84) + (-27 - (-105 - -68))?
-77
What is (-47 - (-48 - -7)) + -13?
-19
71 - (76 - 76 - (-11 - 3))
57
What is the value of 86 + -15 + -15 - (-178 + 177)?
57
(-66 - 18 - -22) + -27 - -17
-72
What is the value of 33 + -17 + (-8 - 60)?
-52
What is the value of (-37 + 56 - (82 + 1)) + 5?
-59
9 - (61 + -33 + -15 - (0 - 26))
-30
Calculate 20 - (-45 + 32 - -7).
26
Evaluate -62 - -93 - 127 - -94.
-2
23 + (-6 - (-18 + 93 - 1))
-57
What is 50 + (-1 - (3 - 1)) + -3774 + 3770?
43
What is the value of -123 - -1 - (37 + 115 - 177)?
-97
What is the value of (-1 - (11 - 28)) + (-2 + 11 - 18) - 4?
3
What is 2 + (1 - 6) + (71 - 201) + 53?
-80
Evaluate (36 - (19 + -35)) + (-5 - -39).
86
What is 1 + -11 + -114 + 66 + 